{"id":436,"date":"2025-07-15T14:07:53","date_gmt":"2025-07-15T14:07:53","guid":{"rendered":"https:\/\/congres.samic.dz\/?page_id=436"},"modified":"2025-07-16T09:44:52","modified_gmt":"2025-07-16T09:44:52","slug":"communication-4e-congres-international-14-e-journee-de-la-samic","status":"publish","type":"page","link":"https:\/\/congres.samic.dz\/index.php\/communication-4e-congres-international-14-e-journee-de-la-samic\/","title":{"rendered":"Communication 4e CONGR\u00c8S INTERNATIONAL 14 e JOURN\u00c9E DE LA SAMIC"},"content":{"rendered":"<div class=\"fusion-fullwidth fullwidth-box fusion-builder-row-1 fusion-flex-container has-pattern-background has-mask-background nonhundred-percent-fullwidth non-hundred-percent-height-scrolling\" style=\"--awb-border-radius-top-left:0px;--awb-border-radius-top-right:0px;--awb-border-radius-bottom-right:0px;--awb-border-radius-bottom-left:0px;--awb-flex-wrap:wrap;\" ><div class=\"fusion-builder-row fusion-row fusion-flex-align-items-flex-start fusion-flex-content-wrap\" style=\"max-width:1248px;margin-left: calc(-4% \/ 2 );margin-right: calc(-4% \/ 2 );\"><div class=\"fusion-layout-column fusion_builder_column fusion-builder-column-0 fusion_builder_column_1_1 1_1 fusion-flex-column\" style=\"--awb-bg-size:cover;--awb-width-large:100%;--awb-margin-top-large:0px;--awb-spacing-right-large:1.92%;--awb-margin-bottom-large:20px;--awb-spacing-left-large:1.92%;--awb-width-medium:100%;--awb-order-medium:0;--awb-spacing-right-medium:1.92%;--awb-spacing-left-medium:1.92%;--awb-width-small:100%;--awb-order-small:0;--awb-spacing-right-small:1.92%;--awb-spacing-left-small:1.92%;\"><div class=\"fusion-column-wrapper fusion-column-has-shadow fusion-flex-justify-content-flex-start fusion-content-layout-column\"><div class=\"fusion-text fusion-text-1\"><p><b><span data-fusion-font=\"true\" style=\"font-size: 21px;\">Auditorium<\/span><u><\/u><\/b><\/p>\n<p><b><u>Session 1 :<\/u><\/b><\/p>\n<p><a href=\"https:\/\/congres.samic.dz\/wp-content\/uploads\/2025\/07\/burucoa.pdf\">Microbiotes : de l\u2019espoir \u00e0 l\u2019arnaque. <b>BURUCOA Christophe, France<\/b><\/a><b><\/b><\/p>\n<p><a href=\"https:\/\/congres.samic.dz\/wp-content\/uploads\/2025\/07\/Habarbarth.pdf\">Perspectives mondiales sur la pr\u00e9vention et le contr\u00f4le des infections associ\u00e9es aux soins (PCI) \u2013 \u00e9tat des lieux et strat\u00e9gies de l\u2019OMS \u00e0 horizon 2030.<b>HARBARTH Stephan, Suisse<\/b><\/a><b><\/b><\/p>\n<p><a href=\"https:\/\/congres.samic.dz\/wp-content\/uploads\/2025\/07\/aliane.pdf\">Sant\u00e9 environnementale. <b>ALIANE Farida, Alg\u00e9rie<\/b><\/a><b><\/b><\/p>\n<p> <b><u>Session 2 :<\/u><\/b><\/p>\n<p>0 OBEPINE : Faire de l\u2019\u00e9pid\u00e9miologie des eaux us\u00e9es un outil de lutte contre les \u00e9pid\u00e9mies. <b>MARECHAL Vincent (Visio), France<\/b><\/p>\n<p><a href=\"https:\/\/congres.samic.dz\/wp-content\/uploads\/2025\/07\/Fendri.pdf\">A la recherche de la qualit\u00e9 en laboratoire d\u2019analyses m\u00e9dicales : Retour d\u2019exp\u00e9rience de la certification \u00e0 l\u2019accr\u00e9ditation. <b>FENDRI Chadlia, Tunisie<\/b><\/a><b><\/b><span style=\"letter-spacing: 0.24px; background-color: rgba(0, 0, 0, 0);\"><br \/><\/span><\/p>\n<p><span style=\"letter-spacing: 0.24px; background-color: rgba(0, 0, 0, 0);\">IA et laboratoire de Microbiologie.<b> GAUTHIER Bruno (Visio), France<\/b><\/span><\/p>\n<p>Plateforme g\u00e9nomique microbienne GENPAT pour la surveillance et l\u2019investigation des \u00e9pid\u00e9mies. <b>RADOMSKI Nicolas (Visio), Italie<\/b><\/p>\n<p><u style=\"letter-spacing: 0.24px; background-color: rgba(0, 0, 0, 0);\"><b>Session 4 :<\/b><\/u><\/p>\n<p><a href=\"https:\/\/congres.samic.dz\/wp-content\/uploads\/2025\/07\/Djenouat.pdf\">Le microbiote pulmonaire. <b>DJENOUHAT Kamel, Alg\u00e9rie<\/b><\/a><b><\/b><\/p>\n<p><a href=\"https:\/\/congres.samic.dz\/wp-content\/uploads\/2025\/07\/Mesbah.pdf\">La vaccination : un enjeu et un d\u00e9fi de la sant\u00e9 publique. <b>MESBAH Smail, Alg\u00e9rie<\/b><\/a><b><\/b><\/p>\n<p>\u00c9volution des strat\u00e9gies vaccinales \u00e0 l\u2019\u00e8re des technologies avanc\u00e9es. <span style=\"letter-spacing: 0.24px; background-color: rgba(0, 0, 0, 0);\"><b>DJILANI Selma (Visio), Alg\u00e9rie<\/b><\/span><\/p>\n<p><a href=\"https:\/\/congres.samic.dz\/wp-content\/uploads\/2025\/07\/Tali-Mamaar.pdf\">La vaccination, un moyen de lutte contre la RAM <span style=\"letter-spacing: 0.24px; background-color: rgba(0, 0, 0, 0);\"><b>TALI<\/b> <b>MAMAAR Hassiba, Alg\u00e9rie<\/b><\/span><\/a><span style=\"letter-spacing: 0.24px; background-color: rgba(0, 0, 0, 0);\"><\/span><\/p>\n<p><a href=\"https:\/\/congres.samic.dz\/wp-content\/uploads\/2025\/07\/DaMMENE.pdf\">Vaccination anti-HPV en Alg\u00e9rie : un enjeu strat\u00e9gique pour la pr\u00e9vention du cancer <span style=\"letter-spacing: 0.24px; background-color: rgba(0, 0, 0, 0);\">du col de l\u2019ut\u00e9rus.<b> DAMMENE-DEBBIH<\/b><\/span><\/a><span style=\"letter-spacing: 0.24px; background-color: rgba(0, 0, 0, 0);\"><\/span><\/p>\n<p><a href=\"https:\/\/congres.samic.dz\/wp-content\/uploads\/2025\/07\/Syposium.pdf\">Symposium 2 : <b>SANOFI<\/b><\/a><b><\/b><\/p>\n<p> <u><b>Session 6 :<\/b><\/u><\/p>\n<p><a href=\"https:\/\/congres.samic.dz\/wp-content\/uploads\/2025\/07\/Korichi.pdf\">Les \u00e9tiologies des bact\u00e9ri\u00e9mies et des fong\u00e9mies chez les patients immunod\u00e9prim\u00e9s <span style=\"letter-spacing: 0.24px; background-color: rgba(0, 0, 0, 0);\">\u00e0 l\u2019\u2019EHS CPMC. <b>KORICHI-OUAR Mounira-Nabila, Alg\u00e9rie<\/b><\/span><\/a><span style=\"letter-spacing: 0.24px; background-color: rgba(0, 0, 0, 0);\"><\/span><\/p>\n<p><a href=\"https:\/\/congres.samic.dz\/wp-content\/uploads\/2025\/07\/Achour.pdf\">Neutrop\u00e9nie f\u00e9brile chez les immunod\u00e9prim\u00e9s : nouveaux d\u00e9fis infectiologiques <span style=\"letter-spacing: 0.24px; background-color: rgba(0, 0, 0, 0);\">et strat\u00e9gies en 2025. <b>ACHOUR Nassima, Alg\u00e9rie<\/b><\/span><\/a><span style=\"letter-spacing: 0.24px; background-color: rgba(0, 0, 0, 0);\"><\/span><\/p>\n<p>Epid\u00e9miologie du pied diab\u00e9tique au Liban. <b>CHOUCAIR Jacques, Liban<\/b><\/p>\n<p><a href=\"https:\/\/congres.samic.dz\/wp-content\/uploads\/2025\/07\/Ait-Ouali.pdf\">Recherche du BK-virus associ\u00e9 \u00e0 la cystite h\u00e9morragique apr\u00e8s allogreffe de cellules <span style=\"letter-spacing: 0.24px; background-color: rgba(0, 0, 0, 0);\">souches h\u00e9matopo\u00ef\u00e9tiques. <b>AIT OUALI Dina, Alg\u00e9rie<\/b><\/span><\/a><span style=\"letter-spacing: 0.24px; background-color: rgba(0, 0, 0, 0);\"><\/span><span style=\"letter-spacing: 0.24px; background-color: rgba(0, 0, 0, 0);\"><\/span><\/p>\n<p><a href=\"https:\/\/congres.samic.dz\/wp-content\/uploads\/2025\/07\/3-ZMIT.pdf\">Les maladies opportunistes li\u00e9es \u00e0 l\u2019infection VIH\/SIDA. <b>ZMIT Fatma Zohra, Alg\u00e9rie<\/b><\/a><b><\/b><\/p>\n<p><b><u>Session 7 : <\/u><\/b><\/p>\n<p><span style=\"letter-spacing: 0.24px; background-color: rgba(0, 0, 0, 0);\"><\/span><a href=\"https:\/\/congres.samic.dz\/wp-content\/uploads\/2025\/07\/burucoa-1.pdf\"><span style=\"letter-spacing: 0.24px; background-color: rgba(0, 0, 0, 0);\">R\u00e9sistance aux antibiotiques BMR BHRe : comment elles \u00e9mergent et diffusent, <\/span><span style=\"letter-spacing: 0.24px; background-color: rgba(0, 0, 0, 0);\">comment les \u00e9viter. <b>BURUCOA Christophe, France<\/b><\/span><\/a><span style=\"letter-spacing: 0.24px; background-color: rgba(0, 0, 0, 0);\"><\/span><\/p>\n<p><a href=\"https:\/\/congres.samic.dz\/wp-content\/uploads\/2025\/07\/N.-AGGOUNE-.pdf\">Ent\u00e9robact\u00e9ries productrices de carbap\u00e9n\u00e9mases en Alg\u00e9rie : <span style=\"letter-spacing: 0.24px; background-color: rgba(0, 0, 0, 0);\">Bilan de 15 ann\u00e9es d\u2019existence. <b>AGGOUNE Nadjet, Alg\u00e9rie<\/b><\/span><\/a><span style=\"letter-spacing: 0.24px; background-color: rgba(0, 0, 0, 0);\"><\/span><\/p>\n<p><a href=\"https:\/\/congres.samic.dz\/wp-content\/uploads\/2025\/07\/Presentation-R-Dali-Yahia-SAMIC-2025-.pdf\">D\u00e9pistage de bact\u00e9ries multir\u00e9sistantes aux ATB dans un service de r\u00e9animation : <span style=\"letter-spacing: 0.24px; background-color: rgba(0, 0, 0, 0);\">Etude \u00e0 l\u2019EHU d\u2019Oran. <b>DALI YAHIA Radia, Alg\u00e9rie<\/b><\/span><\/a><span style=\"letter-spacing: 0.24px; background-color: rgba(0, 0, 0, 0);\"><\/span><\/p>\n<p><a href=\"https:\/\/congres.samic.dz\/wp-content\/uploads\/2025\/07\/Harbarth.pdf\">Principes de bases de la pr\u00e9vention et du contr\u00f4le des bact\u00e9ries multir\u00e9sistantes. <span style=\"letter-spacing: 0.24px; background-color: rgba(0, 0, 0, 0);\"><b>HARBARTH Stephan, Suisse<\/b><\/span><\/a><span style=\"letter-spacing: 0.24px; background-color: rgba(0, 0, 0, 0);\"><\/span><\/p>\n<p><a href=\"https:\/\/congres.samic.dz\/wp-content\/uploads\/2025\/07\/sympo.pdf\">Symposium 3 : <b>IMD<\/b><\/a><\/p>\n<p><u><b>Session 9 :<\/b><\/u><\/p>\n<p><a href=\"https:\/\/congres.samic.dz\/wp-content\/uploads\/2025\/07\/AKHAMOUK-.pdf\">Maladies \u00e9mergentes et r\u00e9emergentes : un d\u00e9fi pour l\u2019Alg\u00e9rie. <b>AKHAMOUK Elias, Alg\u00e9rie<\/b><\/a><\/p>\n<p><a href=\"https:\/\/congres.samic.dz\/wp-content\/uploads\/2025\/07\/Dr-TLIBA-Djalila-.pdf\">Triple \u00e9limination verticale du VIH, du VHB et de la syphilis : Strat\u00e9gie nationale. <span style=\"letter-spacing: 0.24px; background-color: rgba(0, 0, 0, 0);\"><b>TLIBA Djalila, Alg\u00e9rie<\/b><\/span><\/a><span style=\"letter-spacing: 0.24px; background-color: rgba(0, 0, 0, 0);\"><\/span><\/p>\n<p>Le cholera en Alg\u00e9rie : donn\u00e9es \u00e9pid\u00e9miologiques et bact\u00e9riologiques.<b> AMMARI Houria, Alg\u00e9rie<\/b><\/p>\n<p>Techniques de diagnostic de la tuberculose en 2025. <b>YALA Djamel, Alg\u00e9rie<\/b><\/p>\n<p><a href=\"https:\/\/congres.samic.dz\/wp-content\/uploads\/2025\/07\/de-sousa.pdf\">Suivi de l&rsquo;h\u00e9patite A : r\u00e9centes \u00e9pid\u00e9mies europ\u00e9ennes et r\u00f4le de la surveillance g\u00e9nomique.<b> <span style=\"letter-spacing: 0.24px; background-color: rgba(0, 0, 0, 0);\">DE SOUSA Rita, Portugal<\/span><\/b><\/a><b><\/b><\/p>\n<p><a href=\"https:\/\/congres.samic.dz\/wp-content\/uploads\/2025\/07\/Sympo.pdf\">Symposium 5 : <b>IMC\/BIOM\u00c9RIEUX<\/b><\/a><b><\/b><\/p>\n<p><b><u>Session 11 :<\/u><\/b><\/p>\n<p><a href=\"https:\/\/congres.samic.dz\/wp-content\/uploads\/2025\/07\/Banadda.pdf\">Place de la biologie mol\u00e9culaire dans le diagnostic et le suivi virologique de l&rsquo;infection <span style=\"letter-spacing: 0.24px; background-color: rgba(0, 0, 0, 0);\">\u00e0 CMV chez les personnes vivantes avec le VIH.<b> BENADDA Samia, Alg\u00e9rie<\/b><\/span><\/a><span style=\"letter-spacing: 0.24px; background-color: rgba(0, 0, 0, 0);\"><\/span><\/p>\n<p><a href=\"https:\/\/congres.samic.dz\/wp-content\/uploads\/2025\/07\/Bensersa.pdf\">Campylobacter dans les infections ent\u00e9riques : apport des nouvelles m\u00e9thodes <span style=\"letter-spacing: 0.24px; background-color: rgba(0, 0, 0, 0);\">de d\u00e9tection et d\u2019identification. <b>BENSERSA Doria, Alg\u00e9rie<\/b><\/span><\/a><span style=\"letter-spacing: 0.24px; background-color: rgba(0, 0, 0, 0);\"><\/span><\/p>\n<p><a href=\"https:\/\/congres.samic.dz\/wp-content\/uploads\/2025\/07\/Touati-these-EBV-SAMIC-2025.pdf\">Apport de la charge virale d&rsquo;Epstein Barr Virus dans la prise en charge du cancer <span style=\"letter-spacing: 0.24px; background-color: rgba(0, 0, 0, 0);\">du nasopharynx. <b>TOUATI Rym, Alg\u00e9rie<\/b><\/span><\/a><span style=\"letter-spacing: 0.24px; background-color: rgba(0, 0, 0, 0);\"><\/span><\/p>\n<p><a href=\"https:\/\/congres.samic.dz\/wp-content\/uploads\/2025\/07\/Hamidi.pdf\">Emergence de Klebsiella pneumoniae hypervirulente en Alg\u00e9rie.<b> <span style=\"letter-spacing: 0.24px; background-color: rgba(0, 0, 0, 0);\">HAMIDI Moufida, Alg\u00e9rie<\/span><\/b><\/a><b><\/b><\/p>\n<p><a href=\"https:\/\/congres.samic.dz\/wp-content\/uploads\/2025\/07\/OTMANE.pdf\">Relation entre le portage nasal et digestif de S. aureus et l\u2019infection du pied chez <span style=\"letter-spacing: 0.24px; background-color: rgba(0, 0, 0, 0);\">le diab\u00e9tique. <b>OTMANE Adn\u00e8ne, Alg\u00e9rie<\/b><\/span><\/a><span style=\"letter-spacing: 0.24px; background-color: rgba(0, 0, 0, 0);\"><\/span><\/p>\n<p>Consid\u00e9rations mycobact\u00e9riologiques pour une strat\u00e9gie op\u00e9rationnelle de prise <span style=\"letter-spacing: 0.24px; background-color: rgba(0, 0, 0, 0);\">en charge de la tuberculose ganglionnaire dans la r\u00e9gion de Ouargla. <b>MALKI Ali, Alg\u00e9rie<\/b><\/span><\/p>\n<p><u><b>Session 13 :<\/b><\/u><span style=\"letter-spacing: 0.24px; background-color: rgba(0, 0, 0, 0);\"><\/span><\/p>\n<p><a href=\"https:\/\/congres.samic.dz\/wp-content\/uploads\/2025\/07\/Billel-Smara.pdf\">First confirmed case of Mycobacterium africanum tuberculosis <span style=\"letter-spacing: 0.24px; background-color: rgba(0, 0, 0, 0);\">in the far south of Algeria: clinical and microbiological features.<\/span><\/a><\/p>\n<p><b><a href=\"https:\/\/congres.samic.dz\/wp-content\/uploads\/2025\/07\/Billel-Smara.pdf\"> SMARA Billel, Alg\u00e9rie<\/a><\/b><\/p>\n<p><a href=\"https:\/\/congres.samic.dz\/wp-content\/uploads\/2025\/07\/djadour.pdf\">Neuromeningeal manifestations of arboviruses and their <span style=\"letter-spacing: 0.24px; background-color: rgba(0, 0, 0, 0);\">evolutionary profile. <b>DJADOUR Asma, Alg\u00e9rie<\/b><\/span><\/a><span style=\"letter-spacing: 0.24px; background-color: rgba(0, 0, 0, 0);\"><\/span><\/p>\n<p><a href=\"https:\/\/congres.samic.dz\/wp-content\/uploads\/2025\/07\/smail-salem.pdf\">Cytomegalovirus infection in people living with Human <span style=\"letter-spacing: 0.24px; background-color: rgba(0, 0, 0, 0);\">immunodefisciency Virus: Our experience.<b> SMAIL Salem, Alg\u00e9rie<\/b><\/span><\/a><span style=\"letter-spacing: 0.24px; background-color: rgba(0, 0, 0, 0);\"><\/span><\/p>\n<p><a href=\"https:\/\/congres.samic.dz\/wp-content\/uploads\/2025\/07\/GUELLATIpptx.pdf\">A case report of reccurent opportunistic infections in a child with <span style=\"letter-spacing: 0.24px; background-color: rgba(0, 0, 0, 0);\">severe combined immunodefisciency (SCID). <b>GUELLATI Im\u00e8ne, Alg\u00e9rie<\/b><\/span><\/a><span style=\"letter-spacing: 0.24px; background-color: rgba(0, 0, 0, 0);\"><\/span><\/p>\n<p><a href=\"https:\/\/congres.samic.dz\/wp-content\/uploads\/2025\/07\/Namoune.pdf\">Elucidating the pathogene role of Corynebacterium kroppenstedtii c<span style=\"letter-spacing: 0.24px; background-color: rgba(0, 0, 0, 0);\">ystic neutrophilic granulomatis mastitis: a case study.<b> <\/b><\/span><span style=\"letter-spacing: 0.24px; background-color: rgba(0, 0, 0, 0);\"><b>NAMOUNE Wail, Alg\u00e9rie<\/b><\/span><\/a><span style=\"letter-spacing: 0.24px; background-color: rgba(0, 0, 0, 0);\"><\/span><\/p>\n<p><a href=\"https:\/\/congres.samic.dz\/wp-content\/uploads\/2025\/07\/Zerouki.pdf\">Xpert Carba-R screening of digestive carriers of carbapenemase<span style=\"letter-spacing: 0.24px; background-color: rgba(0, 0, 0, 0);\">\u2013producing GNB versus conventional techniques. <b>ZERROUKI Chahira, Alg\u00e9rie<\/b><\/span><\/a><span style=\"letter-spacing: 0.24px; background-color: rgba(0, 0, 0, 0);\"><\/span><\/p>\n<p><u><b><br \/><\/b><\/u><\/p>\n<\/div><\/div><\/div><\/div><\/div>\n","protected":false},"excerpt":{"rendered":"","protected":false},"author":3,"featured_media":0,"parent":0,"menu_order":0,"comment_status":"closed","ping_status":"closed","template":"","meta":{"footnotes":""},"class_list":["post-436","page","type-page","status-publish","hentry"],"_links":{"self":[{"href":"https:\/\/congres.samic.dz\/index.php\/wp-json\/wp\/v2\/pages\/436","targetHints":{"allow":["GET"]}}],"collection":[{"href":"https:\/\/congres.samic.dz\/index.php\/wp-json\/wp\/v2\/pages"}],"about":[{"href":"https:\/\/congres.samic.dz\/index.php\/wp-json\/wp\/v2\/types\/page"}],"author":[{"embeddable":true,"href":"https:\/\/congres.samic.dz\/index.php\/wp-json\/wp\/v2\/users\/3"}],"replies":[{"embeddable":true,"href":"https:\/\/congres.samic.dz\/index.php\/wp-json\/wp\/v2\/comments?post=436"}],"version-history":[{"count":7,"href":"https:\/\/congres.samic.dz\/index.php\/wp-json\/wp\/v2\/pages\/436\/revisions"}],"predecessor-version":[{"id":477,"href":"https:\/\/congres.samic.dz\/index.php\/wp-json\/wp\/v2\/pages\/436\/revisions\/477"}],"wp:attachment":[{"href":"https:\/\/congres.samic.dz\/index.php\/wp-json\/wp\/v2\/media?parent=436"}],"curies":[{"name":"wp","href":"https:\/\/api.w.org\/{rel}","templated":true}]}}