{"id":175,"date":"2025-02-25T06:58:54","date_gmt":"2025-02-25T06:58:54","guid":{"rendered":"https:\/\/congres.samic.dz\/?page_id=175"},"modified":"2025-02-27T01:07:22","modified_gmt":"2025-02-27T01:07:22","slug":"pack-sponsors","status":"publish","type":"page","link":"https:\/\/congres.samic.dz\/index.php\/pack-sponsors\/","title":{"rendered":"Pack sponsors"},"content":{"rendered":"<div class=\"fusion-fullwidth fullwidth-box fusion-builder-row-1 fusion-flex-container has-pattern-background has-mask-background nonhundred-percent-fullwidth non-hundred-percent-height-scrolling\" style=\"--awb-border-radius-top-left:0px;--awb-border-radius-top-right:0px;--awb-border-radius-bottom-right:0px;--awb-border-radius-bottom-left:0px;--awb-flex-wrap:wrap;\" ><div class=\"fusion-builder-row fusion-row fusion-flex-align-items-flex-start fusion-flex-content-wrap\" style=\"max-width:1248px;margin-left: calc(-4% \/ 2 );margin-right: calc(-4% \/ 2 );\"><div class=\"fusion-layout-column fusion_builder_column fusion-builder-column-0 fusion_builder_column_1_1 1_1 fusion-flex-column\" style=\"--awb-bg-size:cover;--awb-width-large:100%;--awb-margin-top-large:0px;--awb-spacing-right-large:1.92%;--awb-margin-bottom-large:20px;--awb-spacing-left-large:1.92%;--awb-width-medium:100%;--awb-order-medium:0;--awb-spacing-right-medium:1.92%;--awb-spacing-left-medium:1.92%;--awb-width-small:100%;--awb-order-small:0;--awb-spacing-right-small:1.92%;--awb-spacing-left-small:1.92%;\"><div class=\"fusion-column-wrapper fusion-column-has-shadow fusion-flex-justify-content-flex-start fusion-content-layout-column\"><div class=\"fusion-text fusion-text-1\"><h3 style=\"text-align: center;\"><b><span style=\"line-height: 34px; color: #910a0a;\" data-fusion-font=\"true\">PACKAGE SPONSOR<\/span><br \/>\n<\/b><b><span style=\"line-height: 34px; color: #000000;\" data-fusion-font=\"true\">IV\u00e8me Congr\u00e8s International XIV\u00e8me Journ\u00e9e Nationale<\/span><br \/>\n<\/b><b><span style=\"line-height: 34px; color: #000000;\" data-fusion-font=\"true\">De la Soci\u00e9t\u00e9 Alg\u00e9rienne de Microbiologie Clinique<\/span><br \/>\n<\/b><b style=\"line-height: 34px; color: #000000;\" data-fusion-font=\"true\">SAMiC<\/b><\/h3>\n<\/div><div class=\"fusion-text fusion-text-2\"><p style=\"text-align: center; color: #001672;\"><b style=\"font-size: 23px;\" data-fusion-font=\"true\">Contact : wahiba.amhis1955@gmail.com<\/b><\/p>\n<\/div>\n<div class=\"table-1\">\n<table width=\"100%\">\n<thead>\n<tr>\n<th style=\"text-align: center;\" align=\"left\"><strong>Type<\/strong><\/th>\n<th style=\"text-align: center;\" align=\"left\"><strong>Montant<\/strong><\/th>\n<th style=\"text-align: center;\" align=\"left\"><strong>D\u00e9tails<\/strong><\/th>\n<\/tr>\n<\/thead>\n<tbody>\n<tr>\n<td align=\"left\"><strong>PLATINIUM<\/strong><\/td>\n<td align=\"left\"><span style=\"color: #800000;\"><strong>2 500 000 DA<\/strong><\/span><\/td>\n<td align=\"left\"><strong>&#8211; 2 Symposiums (choix horaire)<\/strong><br \/><strong>&#8211; Stand 25 m2<\/strong><br \/><strong>&#8211; 8 inscriptions (cartables+tickets repas)<\/strong><br \/><strong>&#8211; Logo sur programme et d\u00e9pliant<\/strong><\/td>\n<\/tr>\n<tr>\n<td align=\"left\"><strong>GOLD<\/strong><\/td>\n<td align=\"left\"><span style=\"color: #800000;\"><strong>1 500 000 <\/strong><\/span><span style=\"color: #800000;\"><strong>DA<\/strong><\/span><\/td>\n<td align=\"left\"><strong>&#8211; 1 Symposium (choix horaire)<\/strong><br \/><strong>&#8211; Stand 15 m2<\/strong><br \/><strong>&#8211; 6 inscriptions (cartables+tickets repas)<\/strong><br \/><strong>&#8211; Logo sur programme et d\u00e9pliant<\/strong><\/td>\n<\/tr>\n<tr>\n<td align=\"left\"><strong>SILVER<\/strong><\/td>\n<td align=\"left\"><span style=\"color: #800000;\"><strong>1 000 000 <\/strong><\/span><span style=\"color: #800000;\"><strong>DA<\/strong><\/span><\/td>\n<td align=\"left\"><strong>&#8211; 1 Symposium<\/strong><br \/><strong>&#8211; Stand 10 m2<\/strong><br \/><strong>&#8211; 4 inscriptions (cartables+tickets repas)<\/strong><br \/><strong>&#8211; Logo sur programme et d\u00e9pliant<\/strong><\/td>\n<\/tr>\n<tr>\n<td align=\"left\"><strong>PARTENAIRE<\/strong><\/td>\n<td align=\"left\"><span style=\"color: #800000;\"><strong>500 000 <\/strong><\/span><span style=\"color: #800000;\"><strong>DA<\/strong><\/span><\/td>\n<td align=\"left\"><strong>&#8211; 1 Desk<\/strong><br \/><strong>&#8211; 2 inscriptions (cartables+tickets repas)<\/strong><br \/><strong>&#8211; Logo sur programme et d\u00e9pliant<\/strong><\/td>\n<\/tr>\n<\/tbody>\n<\/table>\n<\/div>\n<\/div><\/div><\/div><\/div>\n","protected":false},"excerpt":{"rendered":"","protected":false},"author":1,"featured_media":0,"parent":0,"menu_order":0,"comment_status":"closed","ping_status":"closed","template":"","meta":{"footnotes":""},"class_list":["post-175","page","type-page","status-publish","hentry"],"_links":{"self":[{"href":"https:\/\/congres.samic.dz\/index.php\/wp-json\/wp\/v2\/pages\/175","targetHints":{"allow":["GET"]}}],"collection":[{"href":"https:\/\/congres.samic.dz\/index.php\/wp-json\/wp\/v2\/pages"}],"about":[{"href":"https:\/\/congres.samic.dz\/index.php\/wp-json\/wp\/v2\/types\/page"}],"author":[{"embeddable":true,"href":"https:\/\/congres.samic.dz\/index.php\/wp-json\/wp\/v2\/users\/1"}],"replies":[{"embeddable":true,"href":"https:\/\/congres.samic.dz\/index.php\/wp-json\/wp\/v2\/comments?post=175"}],"version-history":[{"count":7,"href":"https:\/\/congres.samic.dz\/index.php\/wp-json\/wp\/v2\/pages\/175\/revisions"}],"predecessor-version":[{"id":212,"href":"https:\/\/congres.samic.dz\/index.php\/wp-json\/wp\/v2\/pages\/175\/revisions\/212"}],"wp:attachment":[{"href":"https:\/\/congres.samic.dz\/index.php\/wp-json\/wp\/v2\/media?parent=175"}],"curies":[{"name":"wp","href":"https:\/\/api.w.org\/{rel}","templated":true}]}}